hen 653 is divided by 306.
41
Calculate the remainder when 6366 is divided by 91.
87
Calculate the remainder when 22713 is divided by 7.
5
Calculate the remainder when 498 is divided by 52.
30
What is the remainder when 105 is divided by 41?
23
Calculate the remainder when 5870 is divided by 70.
60
Calculate the remainder when 90 is divided by 4.
2
What is the remainder when 15514 is divided by 145?
144
What is the remainder when 16 is divided by 12?
4
What is the remainder when 347 is divided by 8?
3
What is the remainder when 81 is divided by 42?
39
What is the remainder when 458 is divided by 14?
10
What is the remainder when 128 is divided by 33?
29
Calculate the remainder when 325 is divided by 117.
91
Calculate the remainder when 320 is divided by 25.
20
What is the remainder when 452 is divided by 146?
14
What is the remainder when 25 is divided by 20?
5
What is the remainder when 1610 is divided by 531?
17
Calculate the remainder when 623 is divided by 21.
14
Calculate the remainder when 1726 is divided by 91.
88
Calculate the remainder when 235 is divided by 60.
55
Calculate the remainder when 1450 is divided by 173.
66
What is the remainder when 2182 is divided by 23?
20
What is the remainder when 475 is divided by 20?
15
What is the remainder when 857 is divided by 33?
32
Calculate the remainder when 2528 is divided by 362.
356
What is the remainder when 453 is divided by 76?
73
Calculate the remainder when 1166 is divided by 31.
19
What is the remainder when 43 is divided by 30?
13
What is the remainder when 3977 is divided by 117?
116
What is the remainder when 59 is divided by 16?
11
Calculate the remainder when 14154 is divided by 13.
10
Calculate the remainder when 609 is divided by 47.
45
What is the remainder when 71 is divided by 15?
11
What is the remainder when 4940 is divided by 61?
60
Calculate the remainder when 1350 is divided by 11.
8
What is the remainder when 49 is divided by 1?
0
Calculate the remainder when 1034 is divided by 79.
7
What is the remainder when 606 is divided by 147?
18
Calculate the remainder when 265 is divided by 22.
1
Calculate the remainder when 340 is divided by 1.
0
Calculate the remainder when 6203 is divided by 129.
11
What is the remainder when 45 is divided by 13?
6
What is the remainder when 474 is divided by 113?
22
Calculate the remainder when 251 is divided by 74.
29
What is the remainder when 4938 is divided by 19?
17
What is the remainder when 5598 is divided by 224?
222
What is the remainder when 18123 is divided by 74?
67
What is the remainder when 181 is divided by 8?
5
What is the remainder when 614 is divided by 445?
169
Calculate the remainder when 122 is divided by 13.
5
Calculate the remainder when 450 is divided by 46.
36
What is the remainder when 68 is divided by 14?
12
What is the remainder when 1011 is divided by 29?
25
What is the remainder when 426 is divided by 26?
10
Calculate the remainder when 216 is divided by 60.
36
Calculate the remainder when 1186 is divided by 202.
176
Calculate the remainder when 3233 is divided by 81.
74
What is the remainder when 157 is divided by 10?
7
Calculate the remainder when 102 is divided by 30.
12
Calculate the remainder when 1375 is divided by 86.
85
Calculate the remainder when 69 is divided by 24.
21
Calculate the remainder when 15 is divided by 2.
1
Calculate the remainder when 124 is divided by 54.
16
What is the remainder when 1055 is divided by 96?
95
Calculate the remainder when 75 is divided by 13.
10
Calculate the remainder when 4413 is divided by 17.
10
What is the remainder when 354 is divided by 22?
2
What is the remainder when 1120 is divided by 1116?
4
What is the remainder when 288 is divided by 20?
8
What is the remainder when 320 is divided by 54?
50
What is the remainder when 109 is divided by 68?
41
Calculate the remainder when 7091 is divided by 129.
125
What is the remainder when 2460 is divided by 32?
28
What is the remainder when 2183 is divided by 266?
55
What is the remainder when 244 is divided by 82?
80
What is the remainder when 277 is divided by 252?
25
Calculate the remainder when 1072 is divided by 209.
27
Calculate the remainder when 4659 is divided by 9.
6
What is the remainder when 1571 is divided by 8?
3
What is the remainder when 137 is divided by 25?
12
What is the remainder when 29 is divided by 28?
1
Calculate the remainder when 133 is divided by 28.
21
Calculate the remainder when 165 is divided by 42.
39
Calculate the remainder when 4547 is divided by 50.
47
What is the remainder when 1338 is divided by 40?
18
Calculate the remainder when 522 is divided by 58.
0
Calculate the remainder when 397 is divided by 136.
125
Calculate the remainder when 43 is divided by 11.
10
Calculate the remainder when 1022 is divided by 27.
23
What is the remainder when 4290 is divided by 113?
109
Calculate the remainder when 3401 is divided by 54.
53
Calculate the remainder when 54 is divided by 28.
26
Calculate the remainder when 54 is divided by 19.
16
Calculate the remainder when 1311 is divided by 41.
40
Calculate the remainder when 1151 is divided by 64.
63
Calculate the remainder when 65 is divided by 41.
24
What is the remainder when 175 is divided by 50?
25
What is the remainder when 246 is divided by 119?
8
Calculate the remainder when 749 is divided by 21.
14
Calculate the remainder when 158 is divided by 59.
40
What is the remainder when 150 is divided by 13?
7
What is the remainder when 51378 is divided by 140?
138
Calculate the remainder when 162 is divided by 65.
32
What is the remainder when 13395 is divided by 203?
200
What is the remainder when 316 is divided by 149?
18
What is the remainder when 204 is divided by 98?
8
Calculate the remainder when 4716 is divided by 31.
4
What is the remainder when 181 is divided by 46?
43
What is the remainder when 192 is divided by 13?
10
What is the remainder when 677 is divided by 38?
31
Calculate the remainder when 392 is divided by 31.
20
Calculate the remainder when 3107 is divided by 130.
117
What is the remainder when 874 is divided by 12?
10
What is the remainder when 1269 is divided by 34?
11
Calculate the remainder when 157 is divided by 33.
25
Calculate the remainder when 413 is divided by 32.
29
What is the remainder when 91 is divided by 19?
15
Calculate the remainder when 924 is divided by 117.
105
What is the remainder when 1717 is divided by 44?
1
Calculate the remainder when 16662 is divided by 101.
98
What is the remainder when 35 is divided by 19?
16
What is the remainder when 134 is divided by 14?
8
What is the remainder when 378 is divided by 2?
0
Calculate the remainder when 4101 is divided by 10.
1
What is the remainder when 1871 is divided by 25?
21
Calculate the remainder when 4846 is divided by 13.
10
What is the remainder when 3065 is divided by 53?
44
What is the remainder when 22797 is divided by 12?
9
Calculate the remainder when 375 is divided by 36.
15
Calculate the remainder when 184 is divided by 38.
32
Calculate the remainder when 350 is divided by 21.
14
Calculate the remainder when 390 is divided by 14.
12
What is the remainder when 1213 is divided by 21?
16
Calculate the remainder when 29 is divided by 16.
13
What is the remainder when 1511 is divided by 89?
87
Calculate the remainder when 81 is divided by 36.
9
Calculate the remainder when 5910 is divided by 24.
6
What is the remainder when 379 is divided by 22?
5
What is the remainder when 240 is divided by 19?
12
What is the remainder when 19 is divided by 15?
4
Calculate the remainder when 2260 is divided by 13.
11
What is the remainder when 161 is divided by 37?
13
What is the remainder when 2194 is divided by 13?
10
What is the remainder when 322 is divided by 108?
106
Calculate the remainder when 102 is divided by 91.
11
Calculate the remainder when 343 is divided by 298.
45
Calculate the remainder when 75778 is divided by 18.
16
Calculate the remainder when 143 is divided by 19.
10
Calculate the remainder when 469 is divided by 7.
0
Calculate the remainder when 1481 is divided by 246.
5
What is the remainder when 80 is divided by 37?
6
Calculate the remainder when 3986 is divided by 42.
38
What is the remainder when 233 is divided by 47?
45
What is the rema